{"id":58775,"date":"2026-04-09T20:53:35","date_gmt":"2026-04-09T18:53:35","guid":{"rendered":"https:\/\/www.fnclm.com\/wordpress\/?page_id=58775"},"modified":"2026-04-09T20:53:35","modified_gmt":"2026-04-09T18:53:35","slug":"buscador-de-eventos","status":"publish","type":"page","link":"https:\/\/www.fnclm.com\/wordpress\/?page_id=58775","title":{"rendered":"Buscador de eventos"},"content":{"rendered":"<div class=\"em pixelbones em-search has-search-main has-views has-sorting has-advanced advanced-mode-modal advanced-hidden has-advanced-trigger multi-line em-events-search\" id=\"em-search-288041042\" data-view=\"list\">\n\t<form action=\"https:\/\/www.fnclm.com\/wordpress\/?page_id=58719\" method=\"post\" class=\"em-search-form\" id=\"em-search-form-288041042\">\n\t\t<input type=\"hidden\" name=\"action\" value=\"search_events\">\n\t\t<input type=\"hidden\" name=\"view_id\" value=\"288041042\">\n\t\t\t\t\t<div class=\"em-search-main em-search-main-bar\">\n\t\t\t<!-- START General Search -->\n<div class=\"em-search-text em-search-field input \">\n\t<label for=\"em-search-text-288041042\" class=\"screen-reader-text\">\n\t\tBuscar\t<\/label>\n\t<input type=\"text\" name=\"em_search\" class=\"em-search-text\" id=\"em-search-text-288041042\"  placeholder=\"Buscar\" value=\"\">\n<\/div>\n<!-- END General Search --><!-- START GeoLocation Search -->\r\n<div class=\"em-search-geo em-search-field input \">\r\n\t<label for=\"em-search-geo-288041042\" class=\"screen-reader-text\">\r\n\t\tcerca...\t<\/label>\r\n\t<input type=\"text\" name=\"geo\" class=\"em-search-geo\" id=\"em-search-geo-288041042\" value=\"\" placeholder=\"cerca...\">\r\n\t<input type=\"hidden\" name=\"near\" class=\"em-search-geo-coords\" value=\"\" >\r\n\t<div id=\"em-search-geo-attr\" ><\/div>\r\n\t<script type=\"text\/javascript\">\r\n\t\tEM.geo_placeholder = 'cerca...';\r\n\t\tEM.geo_alert_guess = 'Utilizaremos %s para buscar. \\n\\n Si esto es incorrecto, dale a cancelar y prueba una direcci\u00f3n m\u00e1s espec\u00edfica.';\r\n\t\tjQuery(document).on('em_maps_loaded', function() {\r\n\tjQuery('input.em-search-geo').each(function () {\r\n\t\tvar input = \/** @type {HTMLInputElement} *\/ jQuery(this);\r\n\t\tvar wrapper = input.closest('div.em-search-geo');\r\n\t\tvar autocomplete = new google.maps.places.Autocomplete(input[0]);\r\n\t\tvar geo_coords = wrapper.find(\"input.em-search-geo-coords\");\r\n\r\n\t\tvar geo_field_status = function (status) {\r\n\t\t\twrapper.data('status', status);\r\n\t\t\tvar em_search = wrapper.closest('.em-search-legacy');\r\n\t\t\t\/\/ backcompat\r\n\t\t\tif( em_search.length > 0 ){\r\n\t\t\t\t\/\/ old templates - soon to be deprecated\r\n\t\t\t\tif( status == 'on' ){\r\n\t\t\t\t\twrapper.css('background-image', wrapper.css('background-image').replace('search-geo.png', 'search-geo-on.png').replace('search-geo-off.png', 'search-geo-on.png'));\r\n\t\t\t\t\tem_search.find('select.em-search-country option:first-child').prop('selected','selected').trigger('change');\r\n\t\t\t\t\tem_search.find('.em-search-location').slideUp();\r\n\t\t\t\t\tem_search.find('.em-search-geo-units').slideDown();\r\n\t\t\t\t}else{\r\n\t\t\t\t\tif( status == 'off' ){\r\n\t\t\t\t\t\twrapper.css('background-image', wrapper.css('background-image').replace('search-geo.png', 'search-geo-off.png').replace('search-geo-on.png', 'search-geo-off.png'));\r\n\t\t\t\t\t}else{\r\n\t\t\t\t\t\twrapper.css('background-image', wrapper.css('background-image').replace('search-geo-off.png', 'search-geo.png').replace('search-geo-on.png', 'search-geo.png'));\r\n\t\t\t\t\t}\r\n\t\t\t\t\tlet current_value = geo_coords.val();\r\n\t\t\t\t\tgeo_coords.val('');\r\n\t\t\t\t\tif( current_value !== geo_coords.val() ){\r\n\t\t\t\t\t\tgeo_coords.trigger('change');\r\n\t\t\t\t\t}\r\n\t\t\t\t\tem_search.find('.em-search-location').slideDown();\r\n\t\t\t\t\tem_search.find('.em-search-geo-units').slideUp();\r\n\t\t\t\t}\r\n\t\t\t}else{\r\n\t\t\t\t\/\/ new templates\r\n\t\t\t\tem_search = wrapper.closest('.em-search, .em-search-advanced');\r\n\t\t\t\tif( status === 'on' ){\r\n\t\t\t\t\tinput.addClass('on').removeClass('off');\r\n\t\t\t\t\tem_search.find('select.em-search-country option:first-child').prop('selected','selected').trigger('change');\r\n\t\t\t\t\tem_search.find('.em-search-location').slideUp();\r\n\t\t\t\t\tem_search.find('.em-search-geo-units').slideDown();\r\n\t\t\t\t}else{\r\n\t\t\t\t\tif( status === 'off' ){\r\n\t\t\t\t\t\tinput.addClass('off').removeClass('on');\r\n\t\t\t\t\t}else{\r\n\t\t\t\t\t\tinput.removeClass('off').removeClass('on');\r\n\t\t\t\t\t}\r\n\t\t\t\t\tlet current_value = geo_coords.val();\r\n\t\t\t\t\tgeo_coords.val('');\r\n\t\t\t\t\tif( current_value !== geo_coords.val() ){\r\n\t\t\t\t\t\tgeo_coords.trigger('change');\r\n\t\t\t\t\t}\r\n\t\t\t\t\tem_search.find('.em-search-location').slideDown();\r\n\t\t\t\t\tem_search.find('.em-search-geo-units').slideUp();\r\n\t\t\t\t}\r\n\t\t\t}\r\n\t\t};\r\n\r\n\t\tvar ac_listener = function (place) {\r\n\t\t\tvar place = autocomplete.getPlace();\r\n\t\t\tif (!place || !place.geometry) { \/\/place not found\r\n\t\t\t\tif (input.val() == '' || input.val() == EM.geo_placeholder) {\r\n\t\t\t\t\tgeo_field_status(false);\r\n\t\t\t\t} else {\r\n\t\t\t\t\tif (wrapper.data('last-search') == input.val()) {\r\n\t\t\t\t\t\tgeo_field_status('on');\r\n\t\t\t\t\t\tlet current_value = geo_coords.val();\r\n\t\t\t\t\t\tgeo_coords.val(wrapper.data('last-coords'));\r\n\t\t\t\t\t\tif( current_value !== geo_coords.val() ){\r\n\t\t\t\t\t\t\tgeo_coords.trigger('change');\r\n\t\t\t\t\t\t}\r\n\t\t\t\t\t\treturn;\r\n\t\t\t\t\t}\r\n\t\t\t\t\t\/\/do a nearest match suggestion as last resort\r\n\t\t\t\t\tif (input.val().length >= 2) {\r\n\t\t\t\t\t\tgeo_field_status(false);\r\n\t\t\t\t\t\tautocompleteService = new google.maps.places.AutocompleteService();\r\n\t\t\t\t\t\tautocompleteService.getPlacePredictions({\r\n\t\t\t\t\t\t\t'input': input.val(),\r\n\t\t\t\t\t\t\t'offset': input.val().length\r\n\t\t\t\t\t\t}, function listentoresult(list, status) {\r\n\t\t\t\t\t\t\tif (list != null && list.length != 0) {\r\n\t\t\t\t\t\t\t\tplacesService = new google.maps.places.PlacesService(document.getElementById('em-search-geo-attr'));\r\n\t\t\t\t\t\t\t\tplacesService.getDetails({'reference': list[0].reference}, function detailsresult(detailsResult, placesServiceStatus) {\r\n\t\t\t\t\t\t\t\t\t\/\/we have a match, ask the user\r\n\t\t\t\t\t\t\t\t\twrapper.data('last-search', detailsResult.formatted_address);\r\n\t\t\t\t\t\t\t\t\twrapper.data('last-coords', detailsResult.geometry.location.lat() + ',' + detailsResult.geometry.location.lng());\r\n\t\t\t\t\t\t\t\t\tif (input.val() == detailsResult.formatted_address || confirm(EM.geo_alert_guess.replace('%s', '\"' + detailsResult.formatted_address + '\"'))) {\r\n\t\t\t\t\t\t\t\t\t\tgeo_field_status('on');\r\n\t\t\t\t\t\t\t\t\t\tlet current_value = geo_coords.val();\r\n\t\t\t\t\t\t\t\t\t\tgeo_coords.val(detailsResult.geometry.location.lat() + ',' + detailsResult.geometry.location.lng());\r\n\t\t\t\t\t\t\t\t\t\tif( current_value !== geo_coords.val() ){\r\n\t\t\t\t\t\t\t\t\t\t\tgeo_coords.trigger('change');\r\n\t\t\t\t\t\t\t\t\t\t}\r\n\t\t\t\t\t\t\t\t\t\tinput.val(detailsResult.formatted_address);\r\n\t\t\t\t\t\t\t\t\t} else {\r\n\t\t\t\t\t\t\t\t\t\tinput.data('last-key', false);\r\n\t\t\t\t\t\t\t\t\t\tgeo_field_status('off');\r\n\t\t\t\t\t\t\t\t\t}\r\n\t\t\t\t\t\t\t\t});\r\n\t\t\t\t\t\t\t} else {\r\n\t\t\t\t\t\t\t\tgeo_field_status('off');\r\n\t\t\t\t\t\t\t}\r\n\t\t\t\t\t\t});\r\n\t\t\t\t\t} else {\r\n\t\t\t\t\t\tgeo_field_status('off');\r\n\t\t\t\t\t}\r\n\t\t\t\t}\r\n\t\t\t\twrapper.data('last-search', input.val());\r\n\t\t\t\twrapper.data('last-coords', geo_coords.val());\r\n\t\t\t\treturn;\r\n\t\t\t}\r\n\t\t\tgeo_field_status('on');\r\n\t\t\tlet current_value = geo_coords.val();\r\n\t\t\tgeo_coords.val(place.geometry.location.lat() + ',' + place.geometry.location.lng());\r\n\t\t\tif( current_value !== geo_coords.val() ){\r\n\t\t\t\tgeo_coords.trigger('change');\r\n\t\t\t}\r\n\t\t\twrapper.data('last-search', input.val());\r\n\t\t\twrapper.data('last-coords', geo_coords.val());\r\n\t\t};\r\n\t\tgoogle.maps.event.addListener(autocomplete, 'place_changed', ac_listener);\r\n\r\n\t\tif (geo_coords.val() != '') {\r\n\t\t\tgeo_field_status('on');\r\n\t\t\twrapper.data('last-search', input.val());\r\n\t\t\twrapper.data('last-coords', geo_coords.val());\r\n\t\t}\r\n\t\tinput.on('keydown', function (e) {\r\n\t\t\t\/\/if enter is pressed once during 'near' input, don't do anything so Google can select location, otherwise let behavior (form submittal) proceed\r\n\t\t\tif (e.which == 13) {\r\n\t\t\t\tif (this.getAttribute('data-last-key') != 13 || wrapper.data('status') != 'on') {\r\n\t\t\t\t\te.preventDefault();\r\n\t\t\t\t}\r\n\t\t\t} else if( e.which == 8 && this.classList.contains('on') ){\r\n\t\t\t\t\/\/ clear a valid search and start again\r\n\t\t\t\tthis.value = '';\r\n\t\t\t\tgeo_field_status(false);\r\n\t\t\t}\r\n\t\t\tthis.setAttribute('data-last-key', e.which);\r\n\t\t}).on('keypress', function(e){\r\n\t\t\tif( e.which !== 13 && this.classList.contains('on') ){\r\n\t\t\t\t\/\/ clear a valid search and start again\r\n\t\t\t\tthis.value = '';\r\n\t\t\t}\r\n\t\t}).on('input', function(e){\r\n\t\t\tif (this.value == '') {\r\n\t\t\t\tgeo_field_status(false);\r\n\t\t\t} else if (wrapper.data('last-search') != this.value) {\r\n\t\t\t\tgeo_field_status('off');\r\n\t\t\t}\r\n\t\t}).on('click', function(){\r\n\t\t\tconst end = this.value.length;\r\n\t\t\tthis.setSelectionRange(end, end);\r\n\t\t\tthis.focus();\r\n\t\t});\r\n\t});\r\n});\t<\/script>\r\n<\/div>\r\n<!-- END GeoLocation Search --><!-- START Date Search -->\r\n<div class=\"em-search-scope em-search-field em-datepicker em-datepicker-range input \" data-separator=\"y\"  data-format=\"M j\">\r\n\t<label for=\"em-search-scope-288041042\" class=\"screen-reader-text\">Fechas<\/label>\r\n\t<input id=\"em-search-scope-288041042\" type=\"hidden\" class=\"em-date-input em-search-scope\" aria-hidden=\"true\" placeholder=\"Fechas\">\r\n\t<div class=\"em-datepicker-data\">\r\n\t\t<input type=\"date\" name=\"scope[0]\" value=\"\" aria-label=\"Fechas\">\r\n\t\t<span class=\"separator\">y<\/span>\r\n\t\t<input type=\"date\" name=\"scope[1]\" value=\"\" aria-label=\"y\">\r\n\t<\/div>\r\n<\/div>\r\n<!-- END Date Search -->\t<div class=\"em-search-advanced-trigger\">\n\t<button type=\"button\" class=\"em-search-advanced-trigger em-clickable em-tooltip\" id=\"em-search-advanced-trigger-288041042\" data-search-advanced-id=\"em-search-advanced-288041042\"\n\t        aria-label=\"Mostrar la b\u00fasqueda avanzada\"\n\t        data-label-show=\"Mostrar la b\u00fasqueda avanzada\"\n\t        data-label-hide=\"Ocultar la b\u00fasqueda avanzada\">\n\t<\/button>\n<\/div><div class=\"em-search-sort\" aria-label=\"Criterio de ordenaci\u00f3n\">\n\t<div class=\"em-search-sort-trigger\" id=\"em-search-sort-trigger-288041042\">\n\t\t<button type=\"button\" class=\"em-search-sort-option em-clickable em-search-sort-type-ASC\" data-sort=\"ASC\">Criterio de ordenaci\u00f3n<\/button>\n\t\t<input name=\"order\" type=\"hidden\" value=\"ASC\">\n\t<\/div>\n<\/div>\t<div class=\"em-search-views\" aria-label=\"View Types\">\n\t\t\t\t<div class=\"em-search-views-trigger\" data-template=\"em-search-views-options-288041042\">\n\t\t\t<button type=\"button\" class=\"em-search-view-option em-clickable em-search-view-type-list\" data-view=\"list\">Lista<\/button>\n\t\t<\/div>\n\t\t<div class=\"em-search-views-options input\" id=\"em-search-views-options-288041042\">\n\t\t\t<fieldset class=\"em-search-views-options-list\" id=\"em-search-views-options-select-288041042\">\n\t\t\t\t<legend class=\"screen-reader-text\">Search Results View Type<\/legend>\n\t\t\t\t\t\t\t\t\t<label class=\"em-search-view-option em-search-view-type-list checked\"  data-view=\"list\">\n\t\t\t\t\t\t<input type=\"radio\" name=\"view\" class=\"em-search-view-option em-search-view-type-list\" value=\"list\"  checked>\n\t\t\t\t\t\tLista\t\t\t\t\t<\/label>\n\t\t\t\t\t\t\t\t\t<label class=\"em-search-view-option em-search-view-type-list-grouped \"  data-view=\"list-grouped\">\n\t\t\t\t\t\t<input type=\"radio\" name=\"view\" class=\"em-search-view-option em-search-view-type-list-grouped\" value=\"list-grouped\"  >\n\t\t\t\t\t\tListas agrupadas\t\t\t\t\t<\/label>\n\t\t\t\t\t\t\t\t\t<label class=\"em-search-view-option em-search-view-type-grid \"  data-view=\"grid\">\n\t\t\t\t\t\t<input type=\"radio\" name=\"view\" class=\"em-search-view-option em-search-view-type-grid\" value=\"grid\"  >\n\t\t\t\t\t\tCuadr\u00edcula\t\t\t\t\t<\/label>\n\t\t\t\t\t\t\t\t\t<label class=\"em-search-view-option em-search-view-type-map \"  data-view=\"map\">\n\t\t\t\t\t\t<input type=\"radio\" name=\"view\" class=\"em-search-view-option em-search-view-type-map\" value=\"map\"  >\n\t\t\t\t\t\tMapa\t\t\t\t\t<\/label>\n\t\t\t\t\t\t\t\t\t<label class=\"em-search-view-option em-search-view-type-calendar \"  data-view=\"calendar\">\n\t\t\t\t\t\t<input type=\"radio\" name=\"view\" class=\"em-search-view-option em-search-view-type-calendar\" value=\"calendar\"  >\n\t\t\t\t\t\tCalendario\t\t\t\t\t<\/label>\n\t\t\t\t\t\t\t<\/fieldset>\n\t\t<\/div>\n\t<\/div>\n\t\t<div class=\"em-search-submit input\">\n\t\t<button type=\"submit\" class=\"em-search-submit button-primary\">Buscar<\/button>\n\t<\/div>\n\t<\/div>\n\t\t\t\t\t\t\t\t\t\t\t<div class=\"em-modal em pixelbones em-search em-search-advanced em-events-search-advanced\" id=\"em-search-advanced-288041042\" data-parent=\"em-search-form-288041042\" data-view=\"list\">\n\t<div class=\"em-modal-popup\">\n\t\t<header>\n\t\t\t<a class=\"em-close-modal\" href=\"#\"><\/a><!-- close modal -->\n\t\t\t<div class=\"em-modal-title\">\n\t\t\t\tMostrar la b\u00fasqueda avanzada\t\t\t<\/div>\n\t\t<\/header>\n\t\t<div class=\"em-modal-content em-search-sections input\">\n\t\t\t<section class=\"em-search-main em-search-advanced-main-sections\">\n\t<!-- START General Search -->\n<div class=\"em-search-text em-search-field input \">\n\t<label for=\"em-search-text-288041042\" class=\"screen-reader-text\">\n\t\tBuscar\t<\/label>\n\t<input type=\"text\" name=\"em_search\" class=\"em-search-text\" id=\"em-search-text-288041042\"  placeholder=\"Buscar\" value=\"\">\n<\/div>\n<!-- END General Search --><!-- START Date Search -->\r\n<div class=\"em-search-scope em-search-field em-datepicker em-datepicker-range input \" data-separator=\"y\"  data-format=\"M j\">\r\n\t<label for=\"em-search-scope-288041042\" class=\"screen-reader-text\">Fechas<\/label>\r\n\t<input id=\"em-search-scope-288041042\" type=\"hidden\" class=\"em-date-input em-search-scope\" aria-hidden=\"true\" placeholder=\"Fechas\">\r\n\t<div class=\"em-datepicker-data\">\r\n\t\t<input type=\"date\" name=\"scope[0]\" value=\"\" aria-label=\"Fechas\">\r\n\t\t<span class=\"separator\">y<\/span>\r\n\t\t<input type=\"date\" name=\"scope[1]\" value=\"\" aria-label=\"y\">\r\n\t<\/div>\r\n<\/div>\r\n<!-- END Date Search --><!-- START GeoLocation Search -->\r\n<div class=\"em-search-geo em-search-field input \">\r\n\t<label for=\"em-search-geo-288041042\" class=\"screen-reader-text\">\r\n\t\tcerca...\t<\/label>\r\n\t<input type=\"text\" name=\"geo\" class=\"em-search-geo\" id=\"em-search-geo-288041042\" value=\"\" placeholder=\"cerca...\">\r\n\t<input type=\"hidden\" name=\"near\" class=\"em-search-geo-coords\" value=\"\" >\r\n\t<div id=\"em-search-geo-attr\" ><\/div>\r\n\t<script type=\"text\/javascript\">\r\n\t\tEM.geo_placeholder = 'cerca...';\r\n\t\tEM.geo_alert_guess = 'Utilizaremos %s para buscar. \\n\\n Si esto es incorrecto, dale a cancelar y prueba una direcci\u00f3n m\u00e1s espec\u00edfica.';\r\n\t\t\t<\/script>\r\n<\/div>\r\n<!-- END GeoLocation Search --><\/section>\n<section class=\"em-search-advanced-sections input  em-search-advanced-style-headings\">\n\t    \t<section class=\"em-search-section-location em-search-advanced-section\">\n\t\t<header>Location Options<\/header>\n\t\t<div class=\"em-search-section-content\">\n\t\t\t<div class=\"em-search-location\" >\r\n\t<!-- START Country Search -->\r\n<div class=\"em-search-country em-search-field\">\r\n\t<label class=\"screen-reader-text\" for=\"em-search-country-288041042\">\r\n\t\tPa\u00eds\t<\/label>\r\n\t<select name=\"country\" class=\"em-search-country em-selectize\" id=\"em-search-country-288041042\">\r\n\t\t<option value=''>Todos los pa\u00edses<\/option>\r\n\t\t\t\t<option value=\"ES\">Espa\u00f1a<\/option>\r\n\t\t\t<\/select>\r\n<\/div>\r\n<!-- END Country Search -->\t<div class=\"em-search-location-meta\" style=\"display:none;\">\r\n\t<!-- START Region Search -->\r\n<div class=\"em-search-region em-search-field\">\r\n\t<label class=\"screen-reader-text\" for=\"em-search-region-288041042\">\r\n\t\tRegi\u00f3n\t<\/label>\r\n\t<select name=\"region\" class=\"em-search-region em-selectize\" id=\"em-search-region-288041042\">\r\n\t\t<option value=''>Todas las regiones<\/option>\r\n\t\t\t<\/select>\r\n<\/div>\t\r\n<!-- END Region Search --><!-- START State\/County Search -->\r\n<div class=\"em-search-state em-search-field\">\r\n\t<label class=\"screen-reader-text\" for=\"em-search-state-288041042\">\r\n\t\tEstado \/ Condado\t<\/label>\r\n\t<select name=\"state\" class=\"em-search-state em-selectize\">\r\n\t\t<option value=''>Estado \/ Condado<\/option>\r\n\t\t\t<\/select>\r\n<\/div>\r\n<!-- END State\/County Search -->\t<\/div>\r\n<\/div><!-- START Geo Units Search -->\r\n<div class=\"em-search-geo-units em-search-field\" style=\"display:none;\">\r\n\t<label for=\"em-search-geo-unit-288041042\">\r\n\t\tDentro\t<\/label>\r\n\t<select name=\"near_distance\" class=\"em-search-geo-distance\">\r\n\t    \t\t<option value=\"5\" >5<\/option>\r\n\t\t\t\t<option value=\"10\" >10<\/option>\r\n\t\t\t\t<option value=\"25\" selected=\"selected\">25<\/option>\r\n\t\t\t\t<option value=\"50\" >50<\/option>\r\n\t\t\t\t<option value=\"100\" >100<\/option>\r\n\t\t\t<\/select><label class=\"screen-reader-text\" for=\"em-search-geo-unit-288041042\">unidades de distancia<\/label><select name=\"near_unit\" class=\"em-search-geo-unit\" id=\"em-search-geo-unit-288041042\">\r\n\t\t<option value=\"mi\">Millas<\/option>\r\n\t\t<option value=\"km\" >Kil\u00f3metros<\/option>\r\n\t<\/select>\r\n<\/div>\r\n<!-- END Geo Units Search -->\t\t<\/div>\n\t<\/section>\n    \t\t\t<section class=\"em-search-section-categories em-search-advanced-section\">\n\t\t\t<header>Categor\u00edas<\/header>\t\t\t<div class=\"em-search-section-content\">\n\t\t\t\t<!-- START Category Search -->\r\n<div class=\"em-search-category em-search-field\">\r\n\t<label for=\"em-search-category-288041042\" class=\"screen-reader-text\">Categor\u00edas<\/label>\r\n\r\n\t<select name=\"category[]\" class=\"em-search-category em-selectize multidropdown checkboxes\" id=\"em-search-category-288041042\" multiple\r\n\t        data-default=\"Todas las categor\u00edas\"\r\n\t        data-label=\"Categor\u00edas\"\r\n            data-clear-text=\"Clear Selected\"\r\n            data-selected-text=\"%d Selected\"\r\n\t        placeholder=\"Buscando Categor\u00edas...\">\r\n\t\t\t<option class=\"level-0\" value=\"914\">Aguas Abiertas<\/option>\n\t<option class=\"level-0\" value=\"915\">Albacete<\/option>\n\t<option class=\"level-0\" value=\"916\">Ciudad Real<\/option>\n\t<option class=\"level-0\" value=\"921\">Cuenca<\/option>\n\t<option class=\"level-0\" value=\"927\">Formaci\u00f3n<\/option>\n\t<option class=\"level-0\" value=\"925\">Guadalajara<\/option>\n\t<option class=\"level-0\" value=\"917\">M\u00e1ster<\/option>\n\t<option class=\"level-0\" value=\"920\">Nacionales<\/option>\n\t<option class=\"level-0\" value=\"919\">Nataci\u00f3n Art\u00edstica<\/option>\n\t<option class=\"level-0\" value=\"918\">Plazos Tope<\/option>\n\t<option class=\"level-0\" value=\"924\">Regional<\/option>\n\t<option class=\"level-0\" value=\"922\">Toledo<\/option>\n\t<option class=\"level-0\" value=\"923\">Trofeos - Competiciones Clubes<\/option>\n\t<option class=\"level-0\" value=\"926\">Waterpolo<\/option>\n\t<\/select>\r\n<\/div>\r\n<!-- END Category Search -->\t\t\t<\/div>\n\t\t<\/section>\n\t\t\t\t<section  class=\"em-search-section-tags em-search-advanced-section \">\n\t\t\t<header>Etiquetas<\/header>\t\t\t<div class=\"em-search-section-content\">\n\t\t\t\t<!-- START Tag Search -->\r\n<div class=\"em-search-tag em-search-field\">\r\n\t<label for=\"em-search-tag-288041042\" class=\"screen-reader-text\">Etiquetas<\/label>\r\n\r\n\t<select name=\"tag[]\" class=\"em-search-tag em-selectize checkboxes multidropdown\" id=\"em-search-tag-288041042\" multiple size=\"10\"\r\n            data-default=\"Todas las etiquetas\"\r\n            data-label=\"Etiquetas\"\r\n            data-clear-text=\"Clear Selected\"\r\n            data-count-text=\"%d Selected\"\r\n            placeholder=\"Buscando Etiquetas...\">\r\n\t\t\t<\/select>\r\n<\/div>\r\n<!-- END Tag Search -->\t\t\t<\/div>\n\t\t<\/section>\n\t    <\/section>\t\t<\/div><!-- content -->\n\t\t\t\t<footer class=\"em-submit-section em-search-submit input\">\n\t\t\t\t\t\t<div>\n\t\t\t\t<button type=\"reset\" class=\"button button-secondary\">Vaciar todo<\/button>\n\t\t\t<\/div>\n\t\t\t<div>\n\t\t\t\t<button type=\"submit\" class=\"em-search-submit button button-primary\">Buscar<\/button>\n\t\t\t<\/div>\n\t\t\t\t\t<\/footer>\n\t\t\t<\/div><!-- modal -->\n<\/div>\t\t\t\t\t\t\t\t<\/form>\n<\/div>\n\n\t<div class='em em-view-container has-search-main has-views has-sorting has-advanced advanced-mode-modal advanced-hidden has-advanced-trigger multi-line em-events-search' id=\"em-view-288041042\" data-view=\"list\"><\/div>\n\n","protected":false},"excerpt":{"rendered":"","protected":false},"author":587,"featured_media":0,"parent":0,"menu_order":0,"comment_status":"closed","ping_status":"closed","template":"","meta":{"_genesis_hide_title":false,"_genesis_hide_breadcrumbs":false,"_genesis_hide_singular_image":false,"_genesis_hide_footer_widgets":false,"_genesis_custom_body_class":"","_genesis_custom_post_class":"","_genesis_layout":"full-width-content","footnotes":""},"class_list":{"0":"post-58775","1":"page","2":"type-page","3":"status-publish","5":"entry"},"featured_image_src":null,"featured_image_src_square":null,"_links":{"self":[{"href":"https:\/\/www.fnclm.com\/wordpress\/index.php?rest_route=\/wp\/v2\/pages\/58775","targetHints":{"allow":["GET"]}}],"collection":[{"href":"https:\/\/www.fnclm.com\/wordpress\/index.php?rest_route=\/wp\/v2\/pages"}],"about":[{"href":"https:\/\/www.fnclm.com\/wordpress\/index.php?rest_route=\/wp\/v2\/types\/page"}],"author":[{"embeddable":true,"href":"https:\/\/www.fnclm.com\/wordpress\/index.php?rest_route=\/wp\/v2\/users\/587"}],"replies":[{"embeddable":true,"href":"https:\/\/www.fnclm.com\/wordpress\/index.php?rest_route=%2Fwp%2Fv2%2Fcomments&post=58775"}],"version-history":[{"count":1,"href":"https:\/\/www.fnclm.com\/wordpress\/index.php?rest_route=\/wp\/v2\/pages\/58775\/revisions"}],"predecessor-version":[{"id":58776,"href":"https:\/\/www.fnclm.com\/wordpress\/index.php?rest_route=\/wp\/v2\/pages\/58775\/revisions\/58776"}],"wp:attachment":[{"href":"https:\/\/www.fnclm.com\/wordpress\/index.php?rest_route=%2Fwp%2Fv2%2Fmedia&parent=58775"}],"curies":[{"name":"wp","href":"https:\/\/api.w.org\/{rel}","templated":true}]}}