{"id":57717,"date":"2026-01-15T16:52:57","date_gmt":"2026-01-15T15:52:57","guid":{"rendered":"https:\/\/www.fnclm.com\/wordpress\/?page_id=57717"},"modified":"2026-01-16T16:28:16","modified_gmt":"2026-01-16T15:28:16","slug":"campeonato-territorial-open-master-de-natacion-artistica-de-clm-2026","status":"publish","type":"page","link":"https:\/\/www.fnclm.com\/wordpress\/?page_id=57717","title":{"rendered":"CAMPEONATO TERRITORIAL OPEN M\u00c1STER DE NATACI\u00d3N ART\u00cdSTICA DE CLM 2026"},"content":{"rendered":"\n<p class=\"has-text-align-center has-larger-font-size\">S\u00e1bado 7 de febrero de 2026 &#8211; Piscina Municipal de Taranc\u00f3n (Cuenca)<\/p>\n\n\n<div class=\"wp-block-image\">\n<figure class=\"aligncenter size-large is-resized\"><a href=\"https:\/\/www.fnclm.com\/wordpress\/wp-content\/uploads\/20260207-CARTEL-CTO-REGIONAL-MASTER.jpg\"><img loading=\"lazy\" decoding=\"async\" width=\"768\" height=\"1024\" src=\"https:\/\/www.fnclm.com\/wordpress\/wp-content\/uploads\/20260207-CARTEL-CTO-REGIONAL-MASTER-768x1024.jpg\" alt=\"\" class=\"wp-image-57751\" style=\"aspect-ratio:0.750007008887269;width:218px;height:auto\" srcset=\"https:\/\/www.fnclm.com\/wordpress\/wp-content\/uploads\/20260207-CARTEL-CTO-REGIONAL-MASTER-768x1024.jpg 768w, https:\/\/www.fnclm.com\/wordpress\/wp-content\/uploads\/20260207-CARTEL-CTO-REGIONAL-MASTER-225x300.jpg 225w, https:\/\/www.fnclm.com\/wordpress\/wp-content\/uploads\/20260207-CARTEL-CTO-REGIONAL-MASTER-1152x1536.jpg 1152w, https:\/\/www.fnclm.com\/wordpress\/wp-content\/uploads\/20260207-CARTEL-CTO-REGIONAL-MASTER-1536x2048.jpg 1536w, https:\/\/www.fnclm.com\/wordpress\/wp-content\/uploads\/20260207-CARTEL-CTO-REGIONAL-MASTER.jpg 1728w\" sizes=\"auto, (max-width: 768px) 100vw, 768px\" \/><\/a><\/figure>\n<\/div>\n\n\n<p><\/p>\n\n\n\n<div id=\"footable_parent_57719\"\n         class=\"ninja-footable-loader footable_parent ninja_table_wrapper loading_ninja_table wp_table_data_press_parent semantic_ui \">\n                <table data-ninja_table_instance=\"ninja_table_instance_0\" data-footable_id=\"57719\" data-filter-delay=\"1000\" aria-label=\"CAMPEONATO TERRITORIAL OPEN M\u00c1STER DE NATACI\u00d3N ART\u00cdSTICA DE CLM 2026\"            id=\"footable_57719\"\n           data-unique_identifier=\"ninja_table_unique_id_1764755746_57719\"\n           class=\" foo-table ninja_footable foo_table_57719 ninja_table_unique_id_1764755746_57719 ui table  ninja_search_right nt_type_legacy_table single line selectable celled hide_horizonal_borders hide_vertical_borders striped compact vertical_centered  footable-paging-right hide_all_borders ninja_table_search_disabled ninja_table_pro\">\n                <colgroup>\n                            <col class=\"ninja_column_0 \">\n                            <col class=\"ninja_column_1 \">\n                            <col class=\"ninja_column_2 \">\n                            <col class=\"ninja_column_3 \">\n                            <col class=\"ninja_column_4 \">\n                    <\/colgroup>\n        <thead>\n<tr class=\"footable-header\">\n                                                                                        <th scope=\"col\"  class=\"ninja_column_0 ninja_clmn_nm_fecha \">Normativa<\/th><th scope=\"col\"  class=\"ninja_column_1 ninja_clmn_nm_competicion \">Participaci\u00f3n e inscripciones<\/th><th scope=\"col\"  class=\"ninja_column_2 ninja_clmn_nm_lugar_y_horario \">Orden de salida<\/th><th scope=\"col\"  class=\"ninja_column_3 ninja_clmn_nm_inscripciones \">Horario<\/th><th scope=\"col\"  class=\"ninja_column_4 ninja_clmn_nm_inscripcion \">Resultados<\/th><\/tr>\n<\/thead>\n<tbody>\n\n        <tr data-row_id=\"12694\" class=\"ninja_table_row_0 nt_row_id_12694\">\n            <td><a href=\"https:\/\/www.fnclm.com\/wordpress\/?p=4796\">Normativa Campeonato<\/a><br \/><a href=\"https:\/\/www.fnclm.com\/wordpress\/wp-content\/uploads\/Convocatoria-Jurado-CampeonatoMaster-Tarancon_rev.pdf\">Convocatoria Jurado<\/a><\/td><td><a href=\"https:\/\/www.fnclm.com\/wordpress\/wp-content\/uploads\/20260115-PREINSCRIPCION-MASTER-2025-2026-1-1.pdf\">Preinscripciones (act.20\/01\/2026)<\/a><\/td><td><a href=\"https:\/\/www.fnclm.com\/wordpress\/wp-content\/uploads\/20260128-SERIES-CTO-TERRITORIAL-OPEN-NAT.-ARTISTICA-MASTER-CLM-2025-2026-1.pdf\">Series (act. 2 feb.)<\/a><a href=\"https:\/\/www.fnclm.com\/wordpress\/wp-content\/uploads\/20260128-SERIES-CTO-TERRITORIAL-OPEN-NAT.-ARTISTICA-MASTER-CLM-2025-2026.pdf\">\u00a0<\/a><\/td><td><a href=\"https:\/\/www.fnclm.com\/wordpress\/wp-content\/uploads\/20260129-HORARIO-CTO-TERRITORIAL-OPEN-NAT.-ARTISTICA-MASTER-DE-CLM-2025-2026-1.pdf\">Horario<\/a><\/td><td><\/td>        <\/tr>\n    <\/tbody><!--ninja_tobody_rendering_done-->\n    <\/table>\n    \n    \n    \n<\/div>\n\n\n\n\n<p><\/p>\n","protected":false},"excerpt":{"rendered":"<p>S\u00e1bado 7 de febrero de 2026 &#8211; Piscina Municipal de Taranc\u00f3n (Cuenca)<\/p>\n","protected":false},"author":587,"featured_media":0,"parent":0,"menu_order":0,"comment_status":"closed","ping_status":"closed","template":"","meta":{"_genesis_hide_title":false,"_genesis_hide_breadcrumbs":false,"_genesis_hide_singular_image":false,"_genesis_hide_footer_widgets":false,"_genesis_custom_body_class":"","_genesis_custom_post_class":"","_genesis_layout":"full-width-content","footnotes":""},"class_list":{"0":"post-57717","1":"page","2":"type-page","3":"status-publish","5":"entry"},"featured_image_src":null,"featured_image_src_square":null,"_links":{"self":[{"href":"https:\/\/www.fnclm.com\/wordpress\/index.php?rest_route=\/wp\/v2\/pages\/57717","targetHints":{"allow":["GET"]}}],"collection":[{"href":"https:\/\/www.fnclm.com\/wordpress\/index.php?rest_route=\/wp\/v2\/pages"}],"about":[{"href":"https:\/\/www.fnclm.com\/wordpress\/index.php?rest_route=\/wp\/v2\/types\/page"}],"author":[{"embeddable":true,"href":"https:\/\/www.fnclm.com\/wordpress\/index.php?rest_route=\/wp\/v2\/users\/587"}],"replies":[{"embeddable":true,"href":"https:\/\/www.fnclm.com\/wordpress\/index.php?rest_route=%2Fwp%2Fv2%2Fcomments&post=57717"}],"version-history":[{"count":5,"href":"https:\/\/www.fnclm.com\/wordpress\/index.php?rest_route=\/wp\/v2\/pages\/57717\/revisions"}],"predecessor-version":[{"id":57753,"href":"https:\/\/www.fnclm.com\/wordpress\/index.php?rest_route=\/wp\/v2\/pages\/57717\/revisions\/57753"}],"wp:attachment":[{"href":"https:\/\/www.fnclm.com\/wordpress\/index.php?rest_route=%2Fwp%2Fv2%2Fmedia&parent=57717"}],"curies":[{"name":"wp","href":"https:\/\/api.w.org\/{rel}","templated":true}]}}

CAMPEONATO TERRITORIAL OPEN MÁSTER DE NATACIÓN ARTÍSTICA DE CLM 2026

<p class="has-text-align-center has-larger-font-size">Sábado 7 de febrero de 2026 &#8211; Piscina Municipal de Tarancón (Cuenca)</p>


<div class="wp-block-image">
<figure class="aligncenter size-large is-resized"><a href="https://www.fnclm.com/wordpress/wp-content/uploads/20260207-CARTEL-CTO-REGIONAL-MASTER.jpg"><img loading="lazy" decoding="async" width="768" height="1024" src="https://www.fnclm.com/wordpress/wp-content/uploads/20260207-CARTEL-CTO-REGIONAL-MASTER-768x1024.jpg" alt="" class="wp-image-57751" style="aspect-ratio:0.750007008887269;width:218px;height:auto" srcset="https://www.fnclm.com/wordpress/wp-content/uploads/20260207-CARTEL-CTO-REGIONAL-MASTER-768x1024.jpg 768w, https://www.fnclm.com/wordpress/wp-content/uploads/20260207-CARTEL-CTO-REGIONAL-MASTER-225x300.jpg 225w, https://www.fnclm.com/wordpress/wp-content/uploads/20260207-CARTEL-CTO-REGIONAL-MASTER-1152x1536.jpg 1152w, https://www.fnclm.com/wordpress/wp-content/uploads/20260207-CARTEL-CTO-REGIONAL-MASTER-1536x2048.jpg 1536w, https://www.fnclm.com/wordpress/wp-content/uploads/20260207-CARTEL-CTO-REGIONAL-MASTER.jpg 1728w" sizes="auto, (max-width: 768px) 100vw, 768px" /></a></figure>
</div>


<p></p>



<div id="footable_parent_57719"
         class="ninja-footable-loader footable_parent ninja_table_wrapper loading_ninja_table wp_table_data_press_parent semantic_ui ">
                <table data-ninja_table_instance="ninja_table_instance_0" data-footable_id="57719" data-filter-delay="1000" aria-label="CAMPEONATO TERRITORIAL OPEN MÁSTER DE NATACIÓN ARTÍSTICA DE CLM 2026"            id="footable_57719"
           data-unique_identifier="ninja_table_unique_id_1764755746_57719"
           class=" foo-table ninja_footable foo_table_57719 ninja_table_unique_id_1764755746_57719 ui table  ninja_search_right nt_type_legacy_table single line selectable celled hide_horizonal_borders hide_vertical_borders striped compact vertical_centered  footable-paging-right hide_all_borders ninja_table_search_disabled ninja_table_pro">
                <colgroup>
                            <col class="ninja_column_0 ">
                            <col class="ninja_column_1 ">
                            <col class="ninja_column_2 ">
                            <col class="ninja_column_3 ">
                            <col class="ninja_column_4 ">
                    </colgroup>
        <thead>
<tr class="footable-header">
                                                                                        <th scope="col"  class="ninja_column_0 ninja_clmn_nm_fecha ">Normativa</th><th scope="col"  class="ninja_column_1 ninja_clmn_nm_competicion ">Participación e inscripciones</th><th scope="col"  class="ninja_column_2 ninja_clmn_nm_lugar_y_horario ">Orden de salida</th><th scope="col"  class="ninja_column_3 ninja_clmn_nm_inscripciones ">Horario</th><th scope="col"  class="ninja_column_4 ninja_clmn_nm_inscripcion ">Resultados</th></tr>
</thead>
<tbody>

        <tr data-row_id="12694" class="ninja_table_row_0 nt_row_id_12694">
            <td><a href="https://www.fnclm.com/wordpress/?p=4796">Normativa Campeonato</a><br /><a href="https://www.fnclm.com/wordpress/wp-content/uploads/Convocatoria-Jurado-CampeonatoMaster-Tarancon_rev.pdf">Convocatoria Jurado</a></td><td><a href="https://www.fnclm.com/wordpress/wp-content/uploads/20260115-PREINSCRIPCION-MASTER-2025-2026-1-1.pdf">Preinscripciones (act.20/01/2026)</a></td><td><a href="https://www.fnclm.com/wordpress/wp-content/uploads/20260128-SERIES-CTO-TERRITORIAL-OPEN-NAT.-ARTISTICA-MASTER-CLM-2025-2026-1.pdf">Series (act. 2 feb.)</a><a href="https://www.fnclm.com/wordpress/wp-content/uploads/20260128-SERIES-CTO-TERRITORIAL-OPEN-NAT.-ARTISTICA-MASTER-CLM-2025-2026.pdf"> </a></td><td><a href="https://www.fnclm.com/wordpress/wp-content/uploads/20260129-HORARIO-CTO-TERRITORIAL-OPEN-NAT.-ARTISTICA-MASTER-DE-CLM-2025-2026-1.pdf">Horario</a></td><td></td>        </tr>
    </tbody><!--ninja_tobody_rendering_done-->
    </table>
    
    
    
</div>




<p></p>

<p>Sábado 7 de febrero de 2026 &#8211; Piscina Municipal de Tarancón (Cuenca)</p>
