{"id":47005,"date":"2022-06-13T14:09:05","date_gmt":"2022-06-13T12:09:05","guid":{"rendered":"https:\/\/www.fnclm.com\/wordpress\/?page_id=47005"},"modified":"2022-06-18T18:52:20","modified_gmt":"2022-06-18T16:52:20","slug":"cto-provincial-albacete-verano-2022-trofeo-diputacion-ab","status":"publish","type":"page","link":"https:\/\/www.fnclm.com\/wordpress\/?page_id=47005","title":{"rendered":"Cto Provincial Albacete Verano 2022. Trofeo Diputaci\u00f3n AB."},"content":{"rendered":"<div class=\"wp-block-image\">\n<figure class=\"aligncenter size-medium\"><a href=\"https:\/\/www.fnclm.com\/wordpress\/wp-content\/uploads\/IMG_20210718_114407_1-scaled.jpg\"><img loading=\"lazy\" decoding=\"async\" width=\"300\" height=\"143\" src=\"https:\/\/www.fnclm.com\/wordpress\/wp-content\/uploads\/IMG_20210718_114407_1-300x143.jpg\" alt=\"\" class=\"wp-image-46839\" srcset=\"https:\/\/www.fnclm.com\/wordpress\/wp-content\/uploads\/IMG_20210718_114407_1-300x143.jpg 300w, https:\/\/www.fnclm.com\/wordpress\/wp-content\/uploads\/IMG_20210718_114407_1-1024x490.jpg 1024w, https:\/\/www.fnclm.com\/wordpress\/wp-content\/uploads\/IMG_20210718_114407_1-768x367.jpg 768w, https:\/\/www.fnclm.com\/wordpress\/wp-content\/uploads\/IMG_20210718_114407_1-1536x734.jpg 1536w, https:\/\/www.fnclm.com\/wordpress\/wp-content\/uploads\/IMG_20210718_114407_1-2048x979.jpg 2048w\" sizes=\"auto, (max-width: 300px) 100vw, 300px\" \/><\/a><\/figure>\n<\/div>\n\n\n<h4 class=\"wp-block-heading\"><strong>Fecha y lugar:<\/strong><\/h4>\n\n\n\n<ul class=\"wp-block-list\"><li><strong>Fecha:<\/strong> Almansa, 18\/06\/2022<\/li><li><strong>Horarios:<\/strong>  10:00 y 16:30<\/li><\/ul>\n\n\n\n<h4 class=\"wp-block-heading\">Documentaci\u00f3n<\/h4>\n\n\n\n<ul class=\"wp-block-list\"><li><a rel=\"noreferrer noopener\" href=\"https:\/\/www.fnclm.com\/wordpress\/wp-content\/uploads\/Cto_Prov_Verano_2022_Trofeo_Diputacion_Albacete.pdf\" target=\"_blank\">Normativas de la competici\u00f3n<\/a><\/li><li>Normativa T\u00e9cnica<\/li><li><a rel=\"noreferrer noopener\" href=\"https:\/\/www.fnclm.com\/campeonatos\/2021\/060\/inscritos.pdf\" target=\"_blank\">Inscripciones Totales<\/a><\/li><li>Listas de Salida: <a rel=\"noreferrer noopener\" href=\"https:\/\/www.fnclm.com\/campeonatos\/2021\/060\/LSalida_S1.pdf\" target=\"_blank\">Sesi\u00f3n 1<\/a> &#8211; <a rel=\"noreferrer noopener\" href=\"https:\/\/www.fnclm.com\/campeonatos\/2021\/060\/LSalida_S2.pdf\" target=\"_blank\">Sesi\u00f3n 2<\/a><\/li><li>Resultados: <a rel=\"noreferrer noopener\" href=\"https:\/\/www.fnclm.com\/campeonatos\/2021\/060\/resultados_completos_sesion1.pdf\" target=\"_blank\">Sesi\u00f3n 1<\/a> &#8211; <a href=\"https:\/\/www.fnclm.com\/campeonatos\/2021\/060\/resultados_completos_sesion2.pdf\" target=\"_blank\" rel=\"noreferrer noopener\">Sesion 2<\/a><\/li><\/ul>\n\n\n\n<iframe loading=\"lazy\" src=\"https:\/\/www.fnclm.com\/campeonatos\/2021\/060\/\" frameborder=\"0\" width=\"1000px\" height=\"800\" align=\"center\"><\/iframe>\n","protected":false},"excerpt":{"rendered":"<p>Fecha y lugar: Fecha: Almansa, 18\/06\/2022 Horarios: 10:00 y 16:30 Documentaci\u00f3n Normativas de la competici\u00f3n Normativa T\u00e9cnica Inscripciones Totales Listas de Salida: Sesi\u00f3n 1 &#8211; Sesi\u00f3n 2 Resultados: Sesi\u00f3n 1 &#8211; Sesion 2<\/p>\n","protected":false},"author":588,"featured_media":0,"parent":0,"menu_order":0,"comment_status":"closed","ping_status":"closed","template":"","meta":{"_genesis_hide_title":false,"_genesis_hide_breadcrumbs":false,"_genesis_hide_singular_image":false,"_genesis_hide_footer_widgets":false,"_genesis_custom_body_class":"","_genesis_custom_post_class":"","_genesis_layout":"full-width-content","footnotes":""},"class_list":{"0":"post-47005","1":"page","2":"type-page","3":"status-publish","5":"entry"},"featured_image_src":null,"featured_image_src_square":null,"_links":{"self":[{"href":"https:\/\/www.fnclm.com\/wordpress\/index.php?rest_route=\/wp\/v2\/pages\/47005","targetHints":{"allow":["GET"]}}],"collection":[{"href":"https:\/\/www.fnclm.com\/wordpress\/index.php?rest_route=\/wp\/v2\/pages"}],"about":[{"href":"https:\/\/www.fnclm.com\/wordpress\/index.php?rest_route=\/wp\/v2\/types\/page"}],"author":[{"embeddable":true,"href":"https:\/\/www.fnclm.com\/wordpress\/index.php?rest_route=\/wp\/v2\/users\/588"}],"replies":[{"embeddable":true,"href":"https:\/\/www.fnclm.com\/wordpress\/index.php?rest_route=%2Fwp%2Fv2%2Fcomments&post=47005"}],"version-history":[{"count":5,"href":"https:\/\/www.fnclm.com\/wordpress\/index.php?rest_route=\/wp\/v2\/pages\/47005\/revisions"}],"predecessor-version":[{"id":47042,"href":"https:\/\/www.fnclm.com\/wordpress\/index.php?rest_route=\/wp\/v2\/pages\/47005\/revisions\/47042"}],"wp:attachment":[{"href":"https:\/\/www.fnclm.com\/wordpress\/index.php?rest_route=%2Fwp%2Fv2%2Fmedia&parent=47005"}],"curies":[{"name":"wp","href":"https:\/\/api.w.org\/{rel}","templated":true}]}}