{"id":36729,"date":"2019-01-10T12:47:48","date_gmt":"2019-01-10T11:47:48","guid":{"rendered":"http:\/\/www.fnclm.com\/wordpress\/?page_id=36729"},"modified":"2020-07-14T18:13:40","modified_gmt":"2020-07-14T16:13:40","slug":"liga-clubes-1a-div-j3","status":"publish","type":"page","link":"https:\/\/www.fnclm.com\/wordpress\/?page_id=36729","title":{"rendered":"Liga Clubes 1\u00aa Div. 18\/19 J3"},"content":{"rendered":"\n<div class=\"wp-block-cover has-background-dim\" style=\"background-image:url(http:\/\/www.fnclm.com\/wordpress\/wp-content\/uploads\/Liga_1.jpg)\"><div class=\"wp-block-cover__inner-container is-layout-flow wp-block-cover-is-layout-flow\">\n<p class=\"has-text-align-center has-large-font-size\">Liga Clubes 1\u00aa Div. 18\/19 J3<\/p>\n<\/div><\/div>\n\n\n\n<h4 class=\"wp-block-heading\"><strong>Fecha y lugar:<\/strong><\/h4>\n\n\n\n<ul class=\"wp-block-list\"><li><strong>Fecha:<\/strong> 12\/01\/2018<\/li><li><strong>Lugar:<\/strong> Tomelloso<\/li><li><strong>Hora de Comienzo:<\/strong> 10:00<\/li><li><strong>Hora de Calentamiento:<\/strong> 8:45<\/li><\/ul>\n\n\n\n<div class=\"wp-block-image\"><figure class=\"aligncenter is-resized\"><img loading=\"lazy\" decoding=\"async\" src=\"http:\/\/www.fnclm.com\/wordpress\/wp-content\/uploads\/Liga_1-724x1024.jpg\" alt=\"\" class=\"wp-image-36747\" width=\"232\" height=\"327\" srcset=\"https:\/\/www.fnclm.com\/wordpress\/wp-content\/uploads\/Liga_1-724x1024.jpg 724w, https:\/\/www.fnclm.com\/wordpress\/wp-content\/uploads\/Liga_1-212x300.jpg 212w, https:\/\/www.fnclm.com\/wordpress\/wp-content\/uploads\/Liga_1-768x1087.jpg 768w, https:\/\/www.fnclm.com\/wordpress\/wp-content\/uploads\/Liga_1-90x128.jpg 90w, https:\/\/www.fnclm.com\/wordpress\/wp-content\/uploads\/Liga_1-23x32.jpg 23w, https:\/\/www.fnclm.com\/wordpress\/wp-content\/uploads\/Liga_1.jpg 826w\" sizes=\"auto, (max-width: 232px) 100vw, 232px\" \/><\/figure><\/div>\n\n\n\n<h4 class=\"wp-block-heading\">Documentaci\u00f3n<\/h4>\n\n\n\n<ul class=\"wp-block-list\"><li><a href=\"http:\/\/www.fnclm.com\/campeonatos\/001\/normativa.pdf\">Normativa de la competici\u00f3n<\/a><\/li><li>Normas T\u00e9cnicas<\/li><li><a rel=\"noreferrer noopener\" aria-label=\"Inscripciones Totales (abre en una nueva pesta\u00f1a)\" href=\"http:\/\/www.fnclm.com\/campeonatos\/001\/Inscripciones_Completas.pdf\" target=\"_blank\">Inscripciones Totales<\/a><\/li><li><a rel=\"noreferrer noopener\" aria-label=\" (abre en una nueva pesta\u00f1a)\" href=\"http:\/\/www.fnclm.com\/campeonatos\/001\/LS_Primera_J3.pdf\" target=\"_blank\">Listas de Salida Generales<\/a><\/li><li><a href=\"http:\/\/www.fnclm.com\/campeonatos\/001\/resultados_completos.pdf\" target=\"_blank\" rel=\"noreferrer noopener\" aria-label=\"Resultados completos (abre en una nueva pesta\u00f1a)\">Resultados completos<\/a><\/li><\/ul>\n\n\n\n<iframe loading=\"lazy\" src=\"https:\/\/www.fnclm.com\/campeonatos\/001\" frameborder=\"0\" width=\"900px\" height=\"2400\" align=\"center\"><\/iframe>\n","protected":false},"excerpt":{"rendered":"<p>Fecha y lugar: Fecha: 12\/01\/2018 Lugar: Tomelloso Hora de Comienzo: 10:00 Hora de Calentamiento: 8:45 Documentaci\u00f3n Normativa de la competici\u00f3n Normas T\u00e9cnicas Inscripciones Totales Listas de Salida Generales Resultados completos<\/p>\n","protected":false},"author":588,"featured_media":0,"parent":0,"menu_order":0,"comment_status":"closed","ping_status":"closed","template":"","meta":{"_genesis_hide_title":false,"_genesis_hide_breadcrumbs":false,"_genesis_hide_singular_image":false,"_genesis_hide_footer_widgets":false,"_genesis_custom_body_class":"","_genesis_custom_post_class":"","_genesis_layout":"full-width-content","footnotes":""},"class_list":{"0":"post-36729","1":"page","2":"type-page","3":"status-publish","5":"entry"},"featured_image_src":null,"featured_image_src_square":null,"_links":{"self":[{"href":"https:\/\/www.fnclm.com\/wordpress\/index.php?rest_route=\/wp\/v2\/pages\/36729","targetHints":{"allow":["GET"]}}],"collection":[{"href":"https:\/\/www.fnclm.com\/wordpress\/index.php?rest_route=\/wp\/v2\/pages"}],"about":[{"href":"https:\/\/www.fnclm.com\/wordpress\/index.php?rest_route=\/wp\/v2\/types\/page"}],"author":[{"embeddable":true,"href":"https:\/\/www.fnclm.com\/wordpress\/index.php?rest_route=\/wp\/v2\/users\/588"}],"replies":[{"embeddable":true,"href":"https:\/\/www.fnclm.com\/wordpress\/index.php?rest_route=%2Fwp%2Fv2%2Fcomments&post=36729"}],"version-history":[{"count":13,"href":"https:\/\/www.fnclm.com\/wordpress\/index.php?rest_route=\/wp\/v2\/pages\/36729\/revisions"}],"predecessor-version":[{"id":40611,"href":"https:\/\/www.fnclm.com\/wordpress\/index.php?rest_route=\/wp\/v2\/pages\/36729\/revisions\/40611"}],"wp:attachment":[{"href":"https:\/\/www.fnclm.com\/wordpress\/index.php?rest_route=%2Fwp%2Fv2%2Fmedia&parent=36729"}],"curies":[{"name":"wp","href":"https:\/\/api.w.org\/{rel}","templated":true}]}}